3). Let b(u) = 0*u + 2*u + 0*u + 11 + 0*u. What is b(s)?
-7
Let u(o) = o - 3. Suppose 4*h - 32 = -2*v - h, -2*v - 4 = -4*h. Suppose -l - v = -17. Let s be (-2)/l - (-46)/11. What is u(s)?
1
Let t(k) = k**2 - 4*k + 7. Let s = 10 - 10. Let x be (-1 - s)*(-8 + -2). Suppose 2*c = -3*g + 19, 0 = -c + 6*c - 5*g - x. What is t(c)?
12
Let j(t) = -2*t. Let c(r) = -1. Let g = 30 - 34. Let y(o) = g*c(o) - j(o). Determine y(-6).
-8
Let m(g) = g**2 + 4*g - 4. Let v be (-3)/(-2) - (-119)/14. Suppose 4*h = n - 24, 5*n + 2*h = -0 + v. Suppose -5 - n = 3*w. Give m(w).
-7
Let a be 8/(-6)*(-3 - 0). Let p(u) = -u**3 - 7*u + 9*u**2 - a*u**2 + 0*u**3 + 4. Suppose 5*g = 21 - 1. What is p(g)?
-8
Suppose -4*b - 10 = -2*x, -5*x - 5*b + 19 = -9*b. Let l(p) = p + 3. Determine l(x).
6
Let n = 10 - 13. Let u(x) = -2 + 0 + 0 + x**2. Let t be u(n). Let o(f) = -f**2 + 5*f + 8. What is o(t)?
-6
Let j(d) be the first derivative of -d**4/4 + 8*d**3/3 + 6*d**2 - 2*d - 953. Determine j(9).
25
Let a(j) = -112*j + 35*j + 33*j + 38*j - 9. Give a(-9).
45
Suppose 2*w + 5*m = 24, 20 = -3*w + 7*w + 3*m. Let p(n) = 5*n**3 - n**2 - n. Calculate p(w).
34
Suppose 0 = -5*l + 10, 48 = -y + 5*l + 8. Let z = 35 + y. Let u(c) = 19*c**2 - 9*c**2 - z + 4*c - 11*c**2. Determine u(4).
-5
Let l(g) = 5*g + 3. Let u be (0 - (-2)/6)*30. Let q(t) = -t**3 + 9*t**2 + 11*t - 5. Let v be q(u). Calculate l(v).
28
Let l(p) = -8*p**3 - 8*p**2 - 5*p + 1. Let m(c) = 18*c**3 + 17*c**2 + 10*c - 3. Let b(z) = 7*l(z) + 3*m(z). Determine b(-2).
4
Let v = -342 + 349. Let g(r) = r**2 - 10*r + 6. Give g(v).
-15
Let r(u) be the first derivative of u**2/2 - 7*u + 83. Let c = -13 - -21. Determine r(c).
1
Suppose -3*z = -3 - 3. Let b(u) = 361*u - 2 - 181*u - 181*u. Let p(r) = -2*r - 14. Let a(g) = -6*b(g) + p(g). What is a(z)?
6
Let o be 0/((-4)/4 + 0). Suppose -3 = 2*z + z, -2*z + 18 = 5*t. Let f(b) = t + 3*b - b**2 + o*b**2 + 0*b**2. Give f(5).
-6
Let j(h) = -1. Let c(u) = -u + 2. Let k(o) = -c(o) - 4*j(o). Let y(l) = -l + 15. Let q be y(17). What is k(q)?
0
Suppose -3 = h + y, 10*y + 12 = -2*h + 5*y. Let l = 8 + -6. Let z(j) = 0 + 0 + 5*j**2 - 14*j**l. Give z(h).
-9
Let o = -93 - -99. Suppose 45*x - 43*x + o = 0. Let k(d) = -d**3 - 2*d**2 - 2*d - 4. Determine k(x).
11
Let q(n) be the third derivative of 1/60*n**5 - 2*n**2 + 0*n + 0 + 7/24*n**4 + 7/6*n**3. Let l = 7 - 13. Determine q(l).
1
Let q(b) = -107 + 103 - 10*b + 6*b**2 + 5*b - b**3. Suppose -c + 3*c + 25 = 5*r, -3*c + 10 = 2*r. Determine q(r).
-4
Suppose 49 = -5*a - 2*a. Let d(i) = i**2 - i. Let f(l) = 8*l - 9. Let u(w) = -d(w) - f(w). Determine u(a).
9
Let c(m) = m**3 + 11*m**2 - 11*m + 15. Let x(a) = 3*a**3 - 25*a**2 + 8*a - 12. Let u be x(8). Calculate c(u).
3
Let h(o) = -5*o**2 + 12*o + 2. Let j(i) = 10*i**2 - 29*i - 5. Let v(q) = 5*h(q) + 2*j(q). Calculate v(-2).
-24
Let f(s) = -s**3 + 14*s**2 + 16*s. Let v be f(15). Suppose -2*n - 3*n = -v, 5*n = b + 17. Let l(z) = 2*z. What is l(b)?
-4
Let u(m) be the second derivative of -m**5/10 - m**4/6 - m**3/3 - m**2 - 70*m. Calculate u(-2).
10
Let r(t) = -t**2 - t - 2. Suppose -5*z - 4*z = -7*z. Give r(z).
-2
Let l be ((-88)/(-220))/((-6)/(-135)). Let q(c) = 2*c**2 - 9*c - 9. Let w(p) = -p**2 + p - 1. Let r(t) = q(t) + w(t). Calculate r(l).
-1
Let a(t) = -3*t**3 + 4*t**2 - 2*t - 1. Let x(c) = -13*c**3 + 16*c**2 - 8*c - 4. Let n(o) = -9*a(o) + 2*x(o). Let q = 9 + -5. Calculate n(q).
9
Let b be (40/200)/((-2)/(-10)). Let h(k) = -2*k**2 + 2*k - 1. What is h(b)?
-1
Let q(f) = -5*f - 2. Let c be q(-2). Let z = -20 - -14. Let t = c + z. Let r(o) = -4*o - 1. What is r(t)?
-9
Let j(d) = 0 - 3*d + 2*d + 1. Suppose 428 = -5*b - i, 182 = -b - b - 4*i. Let s = 84 + b. Calculate j(s).
2
Let x(h) = h**3 - 5*h**2 + 5*h - 6. Let i(n) = -2*n**2 - 10*n - 4. Let p = -34 + 30. Let v be i(p). Calculate x(v).
-2
Let n(d) = d**2 - 5*d + 4. Let b(p) = 10*p**2 - 19*p + 12. Let u(c) = 3*c**2 - 6*c + 4. Let f(v) = -2*b(v) + 7*u(v). Let o(x) = -7*f(x) + 6*n(x). Give o(-4).
-12
Let c = 13 + -7. Let f(b) = 0 + b**2 - 5 + c - b. Give f(-2).
7
Let t(n) be the third derivative of n**7/840 + n**6/60 + 7*n**4/24 - 11*n**3/6 + 14*n**2. Let j(c) be the first derivative of t(c). What is j(-6)?
7
Let d(q) be the third derivative of -q**5/60 - q**3 - 5*q**2. Give d(0).
-6
Let r(s) = -s**3 + s**2 + s + 1. Let n = 16 + -14. Let c(z) = -z**3 - 2*z**2 - 4*z + 4. Let b(v) = n*r(v) - c(v). Let y be 1/(1 - 8/10). What is b(y)?
3
Let j(n) = n - 4. Suppose 5*u = -4*d - 19, -4*d - 4 = -4*u - 12. Let m be (2 - (0 - d)*1)*4. What is j(m)?
0
Suppose 3 + 1 = -2*q. Let s be (22/2)/(11/33). Let i(o) = -3*o - 30 - s + 63. Calculate i(q).
6
Let v be (-1)/(4/72*3). Let q be -2*(v/(-2))/6. Let o(j) = 2*j - 1. Determine o(q).
-3
Let k(b) = -b**3 + 20*b**2 + 44*b - 12. Let y be k(22). Let x(o) = o - 8. Calculate x(y).
-20
Let j(d) = 8*d**2 + 19 + d**3 - 4*d**3 + d**3 + 4*d + 3*d**3 - 2*d. Determine j(-8).
3
Let r(t) = 2*t + 1. Let f = -61 - -64. Give r(f).
7
Let u(c) = -19*c**3 + c. Let f be (-3)/5*(-30)/2. Suppose -5*v + f = -11. Suppose 3 - v = i. Determine u(i).
18
Let v(u) = -4*u**2 + 0*u**2 - 2*u + 0*u**2 + u**2 + 2*u**2. Determine v(2).
-8
Let x(j) = 7*j**2 - 31*j + 14. Let d(n) = 4*n**2 - 16*n + 7. Let m(u) = -5*d(u) + 3*x(u). Let r be m(12). Let h(p) = p**3 + 6*p**2 + 6*p + 1. What is h(r)?
-4
Let y = -149 + 153. Let f(v) be the first derivative of -1/4*v**y - v**2 + 4/3*v**3 + v - 4. Give f(4).
-7
Let x = -797 + 793. Let z(w) = -w**3 - 4*w**2 - 2*w + 3. What is z(x)?
11
Suppose 0 = -10*q - 1 + 31. Let t(h) = -5*h**2 - h + 3*h + 1197*h**q - 1196*h**3. What is t(2)?
-8
Suppose 5*a = 3*y + 11 - 8, -a - 21 = 3*y. Let b(m) = -m + 7. Determine b(y).
13
Let g(k) be the first derivative of 3*k**2 + 4*k - 9 - 1/4*k**4 - k**3. What is g(-4)?
-4
Let c(t) = -t + 9. Let s = 19 - 14. Let o(f) = 3*f**2 - 13*f - 4. Let v be o(s). Determine c(v).
3
Let y(j) = j**2 - 3*j + 2. Let v = -7 + 12. Suppose -2*q - 10 = -5*n, -v*n + 14 = -q - 1. Suppose -6 = -3*g + r, r - q = -3*g + 7. Determine y(g).
2
Suppose 4*l = 4*c - 7*c + 55, 0 = -4*l - c + 45. Let h = l - 5. Suppose -4 = h*t - 7*t. Let x(z) = -z**3 + 2*z**2 - 2*z + 3. Give x(t).
-1
Let c(l) = -3*l**2 - 5*l + 3. Let m(u) = -u**2 - 1. Let q(n) = c(n) - 2*m(n). Let z = -7 + 9. Suppose -3*o = -5*t - 27, -4 = t + z*o - 4*o. Determine q(t).
-1
Let c(x) be the third derivative of -x**6/120 - x**5/6 + x**4/12 + x**3/6 + 4*x**2 - 2. Determine c(-10).
-19
Let l(t) = -7*t + 10. Let q(v) = -v**2 - 29*v - 93. Let k be q(-4). Calculate l(k).
-39
Let a(r) = -r**3 - 7*r**2 - 8*r - 3. Let g = 28 + -21. Let l = g - 12. What is a(l)?
-13
Let y(n) = 12*n - 25*n + 11*n + n**2 - 2 + 4. Determine y(2).
2
Let c(v) = -v**2 + 3*v + 1. Let d be (-3 - (2 + -2))*-1. Let g(j) = 4*j + 10*j + 3*j + 4 - 19*j. Let f be g(d). What is c(f)?
-9
Let a(s) = 2*s**2 - 11*s - 5 - 3 + 0 - s**2. Suppose 2*b = 4*t + 12, 10*b - 51 = 7*b - 5*t. What is a(b)?
4
Let y(l) be the third derivative of -l**6/120 + l**5/20 - l**4/8 + 118*l**2. Determine y(2).
-2
Suppose -13 - 14 = -3*a. Let i(f) = f**3 - 10*f**2 + 9*f + 3. Let l be i(a). Let b(s) = 4 + 4*s - l*s + 1 + 2. What is b(-3)?
4
Let b(a) be the third derivative of -a**6/120 - a**5/10 + a**4/3 - 4*a**2. Let t be (-7)/(((-56)/(-140))/((-2)/(-5))). Give b(t).
-7
Suppose 3*m - 5 = 1. Let w be m/10 - 452/10. Let t be w/10 - (-2)/4. Let h(l) = l**3 + 4*l**2 + 2*l + 3. Determine h(t).
-5
Suppose 9*o - 120 = 51. Let n(l) = 2*l - 37. Let j be n(o). Let c(b) = 2*b**2. What is c(j)?
2
Let z be (64/8 - 12)/(-4). Let c(j) = -8*j**2 + 3*j - 1. Calculate c(z).
-6
Suppose 28*h + 20 = 24*h. Let l be ((-8)/h)/(((-54)/30)/(-9)). Let a(m) = -m + 4. Determine a(l).
-4
Let a = 64 - 59. Suppose 24 = a*r - r. Let s(y) = -y**2 + 4*y + 7. What is s(r)?
-5
Let n(o) = -2*o - 1. Let i(y) = -10*y - 10. Let b(f) = -i(f) + 6*n(f). Let m = -10 - -5. Let g = m + 8. Determine b(g).
-2
Let c = -61 + 84. Suppose -4*t = 2*u + 20, 2*u + 0*t + c = -5*t. Let g(m) = m**3 + 4*m**2 + m + 1. What is g(u)?
-3
Let t(o) be the second derivative of o**5/10 + o**4/6 + o**3/3 + o**2/2 + o - 28. Determine t(-2).
-11
Let v(y) = -5*y**3 - 3*y**2 + 15*y + 18. Let k(f) = -2*f**3 + 4*f. Let r(t) = 2*k(t) - v(t). What is r(-4)?
-6
Suppose -2*f - 4 = g, g + 4 = -4*f - f. Suppose k = -f*k